 16, what is 1cd66 + 1?
1cd67
In base 15, what is -4 + 30e9?
30e5
In base 9, what is 2334 - 145?
2178
In base 8, what is -1 + -31175?
-31176
In base 3, what is 1000 + -2100000?
-2022000
In base 10, what is -353 - -16701?
16348
In base 16, what is -1c10 - -2a?
-1be6
In base 5, what is 10122012 + -23?
10121434
In base 16, what is -11c73 - 2?
-11c75
In base 12, what is -66b1b + b?
-66b10
In base 9, what is 4708 - 11?
4687
In base 3, what is 22 - 102201011?
-102200212
In base 10, what is -133266 + 0?
-133266
In base 3, what is 1011 - -1022122201?
1022200212
In base 12, what is 96 - 1694?
-15ba
In base 2, what is -10011111110 + 11100?
-10011100010
In base 13, what is 2110 - 0?
2110
In base 14, what is -15d9875 - -4?
-15d9871
In base 2, what is 101 - -110001010011010000101?
110001010011010001010
In base 13, what is -5 - -4c38?
4c33
In base 9, what is -12 + -512616?
-512628
In base 7, what is 5 - 124334?
-124326
In base 3, what is 12201211 - 11020?
12120121
In base 15, what is -20b74a + 4?
-20b746
In base 5, what is 200303 + 11?
200314
In base 9, what is 4 + -123338?
-123334
In base 6, what is -5040 + -31?
-5111
In base 12, what is 3 + -b3a65?
-b3a62
In base 4, what is 202311 - -333?
203310
In base 13, what is a4546c - -4?
a45473
In base 14, what is -45dc0b - 2?
-45dc0d
In base 10, what is -189 + -181?
-370
In base 3, what is 10020021111 - -21?
10020021202
In base 7, what is -16604 - 2?
-16606
In base 13, what is 22937 + 4?
2293b
In base 9, what is -601478 - 5?
-601484
In base 7, what is -1553 - 160?
-2043
In base 5, what is 2 - -100322?
100324
In base 5, what is -2104 + 2042?
-12
In base 13, what is -992 - 123?
-ab5
In base 9, what is 8577 - -4?
8582
In base 15, what is -1a137 + 5?
-1a132
In base 9, what is 7 - 2165?
-2157
In base 4, what is -1203 + -1010?
-2213
In base 12, what is -3 - -3465?
3462
In base 6, what is 13411 + 2550?
20401
In base 6, what is -15512 - 3?
-15515
In base 3, what is 12 + 1111222212010?
1111222212022
In base 14, what is -702 + -5?
-707
In base 7, what is 3 - 320012?
-320006
In base 12, what is -432b + -6?
-4335
In base 9, what is -3343 + -4?
-3347
In base 2, what is -110001101010100010 - 10?
-110001101010100100
In base 9, what is 21 - -431160?
431181
In base 9, what is 17633 + -5?
17627
In base 13, what is -7a + -156?
-203
In base 16, what is 18db - -8?
18e3
In base 16, what is -1868 - -4?
-1864
In base 13, what is -8a86a + -5?
-8a872
In base 14, what is -148831 - -1?
-148830
In base 6, what is 4 + -32542?
-32534
In base 10, what is -4 - -86232?
86228
In base 5, what is 333 + -12010?
-11122
In base 14, what is -2 + 161a1?
1619d
In base 3, what is -12221 - -11110?
-1111
In base 7, what is -10426 - 43?
-10502
In base 14, what is -2ab8 + 9?
-2aad
In base 5, what is -4130 + -3420?
-13100
In base 11, what is 202 + -2078?
-1976
In base 3, what is -1 - 20021010212?
-20021010220
In base 8, what is -1512402 - 0?
-1512402
In base 16, what is 13b2 - 6?
13ac
In base 13, what is 12 + -920?
-90b
In base 14, what is -5 - 38b6?
-38bb
In base 14, what is a + 679d?
67a9
In base 5, what is 1120402 - -4?
1120411
In base 3, what is -1202121100111 + -1?
-1202121100112
In base 11, what is -6892 + 19?
-6874
In base 9, what is 31 - -1145?
1176
In base 15, what is 47eed3 - 5?
47eecd
In base 16, what is -47e7b7 - 5?
-47e7bc
In base 7, what is -5 - -2141?
2133
In base 15, what is 5 + -20cdc?
-20cd7
In base 3, what is 111122002 + 12000?
111211002
In base 8, what is -6 - 11012?
-11020
In base 15, what is -e88 + 6?
-e82
In base 3, what is 1212212022012 + -2?
1212212022010
In base 4, what is 110223030 - 101?
110222323
In base 10, what is -67958 + 1?
-67957
In base 14, what is -295 - 21?
-2b6
In base 13, what is -12 - 1184a?
-1185c
In base 2, what is -100110110 - -101111?
-100000111
In base 16, what is 4aff4 - 6?
4afee
In base 9, what is -227446 - -52?
-227384
In base 16, what is -5 - -2e8a?
2e85
In base 6, what is 5 + 41333441?
41333450
In base 2, what is 1011110100100111 - 10?
1011110100100101
In base 4, what is 11132 - -1213?
13011
In base 3, what is -101 - 1122221?
-1200022
In base 3, what is -122012 - 200?
-122212
In base 13, what is 2 + -11ca40?
-11ca3b
In base 13, what is 23 + 1102?
1125
In base 7, what is 3 - 52104?
-52101
In base 11, what is 4 - -389a3?
389a7
In base 4, what is -11220110 - -12?
-11220032
In base 15, what is -2 + -88b?
-88d
In base 7, what is 203241 + 4?
203245
In base 12, what is -a6706 + 9?
-a66b9
In base 5, what is 1433 + -1244?
134
In base 5, what is -4 - 1104141?
-1104200
In base 4, what is 21332013 - 0?
21332013
In base 16, what is e8f - -6?
e95
In base 7, what is 2 - 632532?
-632530
In base 10, what is -1770 - 129?
-1899
In base 7, what is -122620 + -5?
-122625
In base 13, what is -566b - b?
-5679
In base 2, what is -101001000111011 - 10?
-101001000111101
In base 11, what is 220 + 6?
226
In base 6, what is -121331 - 2303?
-124034
In base 2, what is -100101110101 + 1101111001?
-10111111100
In base 14, what is -19b - 11?
-1ac
In base 7, what is -2 - -160013?
160011
In base 7, what is -5 + -6430?
-6435
In base 5, what is 1141203 + 13?
1141221
In base 12, what is -7b - 1273?
-1332
In base 4, what is 130 - -121302?
122032
In base 5, what is -3411 + 341?
-3020
In base 12, what is 15452 - 9?
15445
In base 8, what is 2 + -1226323?
-1226321
In base 11, what is -40875 + 1?
-40874
In base 9, what is -1 + 5222?
5221
In base 14, what is 7 + bb15?
bb1c
In base 3, what is -222111011 - -10?
-222111001
In base 11, what is -1 - -672665?
672664
In base 5, what is -202020 - 30?
-202100
In base 15, what is 1 - -763e?
7640
In base 5, what is -232040 - -123?
-231412
In base 2, what is -110100111100 - 0?
-110100111100
In base 11, what is 2 + -1011?
-100a
In base 14, what is -37 - -4574?
453b
In base 7, what is 2 + -1551?
-1546
In base 16, what is -4d361 + 5?
-4d35c
In base 6, what is -525042 - -230?
-524412
In base 3, what is -201212 + 1?
-201211
In base 14, what is -116 - ab3?
-bc9
In base 7, what is 611640 + 52?
612022
In base 6, what is -32131 + 140?
-31551
In base 13, what is -2 + -1914bc?
-1914c1
In base 5, what is 0 + 142004101?
142004101
In base 7, what is 36 + 4114?
4153
In base 3, what is 221 - -202110?
210101
In base 15, what is -e53 - 10d?
-1061
In base 15, what is -1b324 + -4?
-1b328
In base 12, what is 1a4 - -27a?
462
In base 7, what is -111 - -4604?
4463
In base 14, what is -5 + 623c?
6237
In base 13, what is -1 + 1bbb2?
1bbb1
In base 2, what is 10011011 + 10001010?
100100101
In base 6, what is 10 - 101234?
-101224
In base 5, what is -44144 + 103?
-44041
In base 15, what is 6a - 135?
-ba
In base 16, what is -4ae - 4a7?
-955
In base 9, what is -5 - 1358057?
-1358063
In base 15, what is -19 + 1b3?
199
In base 16, what is 7b0 - -a?
7ba
In base 7, what is -4 + -143214?
-143221
In base 4, what is -202212011 + 0?
-202212011
In base 16, what is -29 + -237?
-260
In base 2, what is -101010 - 101001000001001?
-101001000110011
In base 9, what is 21 - 3163?
-3142
In base 6, what is 253434214 + -5?
253434205
In base 6, what is -35140321 - -3?
-35140314
In base 11, what is -760 - -13?
-748
In base 2, what is 110 + -110110101110100?
-110110101101110
In base 6, what is 23134 - 431?
22303
In base 6, what is 3 - -50304?
50311
In base 14, what is 3d21 - -19?
3d3a
In base 7, what is 2 - 1440424?
-1440422
In base 5, what is 11 - 4024222?
-4024211
In base 5, what is 2 + 120240?
120242
In base 13, what is 2470 + -1?
246c
In base 3, what is -111010201 + -211?
-111011112
In base 16, what is 1224 - 45?
11df
In base 3, what is 2010202 + -1120111?
120021
In base 10, what is 428 + -1390?
-962
In base 14, what is -4 - -d8976?
d8972
In base 8, what is -3 - 1772?
-1775
In base 11, what is -1 - -4489?
4488
In base 5, what is -2321 - -413?
-1403
In base 11, what is -1034 - -317?
-818
In base 3, what is 11101122220 + 1?
11101122221
In base 11, what is -2251 - 54?
-22a5
In base 5, what is 3130444 + -3?
3130441
In base 2, what is 10111100101010100010001 - 10?
10111100101010100001111
In base 7, what is -13 + 2012414?
2012401
In base 13, what is -a5b - -405?
-656
In base 5, what is 1001433 + -4?
1001424
In base 9, what is -4 + 2187102?
2187087
In base 2, what is 10111110111000010 - -110?
10111110111001000
In base 4, what is -1333 + 1030100?
1022101
In base 4, what is 